 = 4*s. Suppose -8 = -3*f + s*f. Suppose 3*x - f - 4 = 0. Is x a prime number?
False
Suppose -u - 10 = -3*u. Suppose 0 = -5*p - 3*b + 431, p - u*b = 2*p - 95. Is p composite?
True
Suppose 5*t - 2746 = 69. Is t a prime number?
True
Suppose 0 = 3*y - 8*y + 620. Suppose d = -d + y. Suppose -4*q - u + d = -122, -4*q - 3*u = -176. Is q a composite number?
False
Let m(n) = -181*n + 1. Is m(-6) composite?
False
Suppose -3*z + 27 = 3*l, 4*z + 0*l + 3*l = 37. Let u = -89 - -174. Suppose 5*j - z = u. Is j composite?
False
Let y(k) = -k**2 + k. Let f(b) = 18*b**2 - 7*b. Let q(o) = 5*f(o) + 35*y(o). Is q(1) a prime number?
False
Is (-528)/(-4) + 0 + 1 prime?
False
Suppose 2*d - 315 = 187. Is d a prime number?
True
Let x = 290 + 89. Is x a composite number?
False
Let f = 303 + -176. Is f a composite number?
False
Is -3*(4 - 1460/6) a composite number?
True
Suppose -2*k + 206 = -216. Is k a prime number?
True
Let z be (-4)/(-16) + (-38)/(-8). Let o be 13/z + (-6)/(-15). Is -14*(-2 - o/(-3)) composite?
True
Let t(d) = -4*d**2 + 6*d + 6. Let f(y) be the second derivative of y**4/12 - y**3/6 - y**2/2 + 3*y. Let x(h) = 11*f(h) + 2*t(h). Is x(3) a composite number?
False
Suppose -3*x + 3*z = -2383 - 119, 0 = 3*x + 5*z - 2542. Is x a prime number?
True
Let i = 119 - 45. Suppose -2*t - i = -4*t. Is t composite?
False
Suppose 0 = 5*p - 4*p - 4. Suppose p*u - 664 = 1124. Is u a prime number?
False
Suppose -5*w = -4 - 36. Suppose 17 = -b + 3*d, 0*d + w = 4*d. Let v(g) = g**2 - 9*g - 9. Is v(b) prime?
True
Suppose -5*w + 125 = -170. Is w a prime number?
True
Suppose -2*p - 214 = -4*p + 2*f, 0 = 4*f + 16. Suppose -3*o + 5*m = -7*o + 114, -3*o + p = -5*m. Is o a composite number?
False
Let c(o) = -4*o**3 + 2*o**2 + 2*o + 1. Let s be c(-1). Let r(k) = -k**2 + 6*k + 7. Let x be r(s). Suppose 4*q = 7*q - x. Is q composite?
True
Suppose 0 = 3*l - 5*l + 6. Suppose 0*h = -l*h + 33. Is h prime?
True
Let b = -160 + 420. Let l be (-48)/(-22) + (-8)/44. Suppose -l*s + 5*s - 4*k - 725 = 0, -s + 5*k = -b. Is s prime?
False
Suppose 0 = 2*f + 262 + 38. Let x = -67 - f. Is x a composite number?
False
Let y be -19*(1 - -1)/(-2). Suppose 5*w - 5*v - 5 = 0, -4*w + v = -6*w + 5. Suppose -y = -3*j + w. Is j composite?
False
Let k be 4/18 + (-27395)/(-45). Let u = k - 196. Is u prime?
False
Suppose 5 = b, 3*q - 2*b = 7*q - 26. Suppose q*i - 12 = -0*i. Suppose -i*j + 245 = 3*m - j, 3*m + 4*j = 235. Is m prime?
False
Suppose 6 = h + h. Suppose h*c - 163 = 104. Is c a prime number?
True
Let k = -58 + 1047. Is k composite?
True
Suppose b + 18 = 5*h, -5*b + 10 + 8 = 2*h. Let m = b - 1. Is -8*(m + (-3)/2) composite?
True
Suppose -4*f + 0*c + 5*c = -66, 3*c = 2*f - 34. Is (-387)/(-7) - 4/f a composite number?
True
Let x = -16 + 95. Is x composite?
False
Is (4 - 1197)/(1/((-2)/2)) composite?
False
Let j = 25 + -6. Is j a composite number?
False
Let t(o) = -49*o**3 - 3*o**2 - 2*o - 3. Is t(-2) composite?
True
Suppose 37 = m - 76. Let o = 226 - m. Let i = 190 - o. Is i prime?
False
Let t(r) be the second derivative of r**4/12 - 2*r**3 - r. Let x be t(12). Suppose 0*s + 4*s - 44 = x. Is s prime?
True
Let u be (1 + -3)*(-10)/4. Suppose 0 = -j - u + 1. Is 6210/24 + (-1)/j a prime number?
False
Let c be (148 + 1)*(-1 + 4). Suppose 52 = y - c. Is y a composite number?
False
Suppose 4 = 4*i + 4*c, 2*c = -5*i + 4*c - 23. Let o(p) = 15*p**2 + 4*p + 4. Let s be o(i). Suppose -w = -3*z - 2*z + 160, 4*z = w + s. Is z a prime number?
False
Let f(q) = -20*q - 11. Let m(j) = 180*j + 100. Let c(y) = -35*f(y) - 4*m(y). Is c(-5) composite?
True
Suppose 0*c = c + 5. Let h(t) = -t**2 + 7*t + 6. Let i(o) = o**2 - 3*o - 3. Let v(p) = 2*h(p) + 5*i(p). Is v(c) a prime number?
False
Suppose o = -2*u + 1115, -2*o - 3*o + 1662 = 3*u. Is u composite?
True
Let l(q) = 56*q - 6. Let c be l(4). Suppose 74 + c = 4*k. Suppose 4*b = t - 4 + 2, 5*t + b = k. Is t a prime number?
False
Suppose c - 1 = 0, -5*u - c = -665 - 531. Is u a prime number?
True
Is -1 + 1 + 3/9*1497 a composite number?
False
Let t be 3 + (-3)/(1 + 2). Suppose -103 = -l - t*s + 152, 1288 = 5*l - 3*s. Suppose 0 = 3*u - 124 - l. Is u a composite number?
False
Let f be (-1)/(-7) + 221/119. Let b be (4 + -1)/(6/4). Is b + 10 + f - 1 a prime number?
True
Let j be 1/(-3) + (-1425)/(-9). Suppose -5*b + 717 = -2*w, 5*w - 33 + j = b. Is b a composite number?
True
Let v be (130/4 - 3)*6. Suppose -u = -2*u + v. Is u prime?
False
Let m = -4 - 0. Let r be (-170)/m*8 + -1. Is 4/(-6)*r/(-2) a prime number?
True
Suppose 4*j - 31 = -4*h - j, 4*j = 4*h - 4. Suppose g + 0*g - 27 = h*t, 4*g = -3*t + 127. Is g prime?
True
Let w = -10 + 7. Let c = w - -8. Suppose n + 71 = 6*n + z, -n + 19 = c*z. Is n a composite number?
True
Let j = 1700 + 161. Is j composite?
False
Suppose 5*o = 1292 + 2178. Is o composite?
True
Suppose -3*u = 2*u - 2585. Is u a composite number?
True
Suppose 2*r = 5 + 1. Suppose r*w = -0*w + 267. Is w a composite number?
False
Let f be 112/24 - (-3)/9. Let y(a) = 0 + 6*a + 6 - 2 + a**2. Is y(f) a composite number?
False
Let q(h) = -h**3 - 8*h**2 - 7*h + 6. Let x be q(-7). Let g be 3 + x/2 + 1. Let u(z) = z**3 - 5*z**2 + 4*z - 5. Is u(g) composite?
True
Suppose 0 = -0*h + 2*h - 310. Suppose x - 31 = 4*z, 0 = 5*x - 3*z - 0*z - h. Is x a prime number?
True
Suppose -5*b + 1935 - 220 = 0. Suppose 266 = 3*f - b. Is f a composite number?
True
Let q(n) = n**3 + 6*n**2 + 5*n + 3. Let u be q(-5). Suppose -568 = -s - u*s. Is s prime?
False
Suppose 0 = -h + 601 - 60. Is h a composite number?
False
Let o(x) = -x**2 - 4*x - 1. Let u be o(-3). Suppose -w = -0*w - u. Suppose 0 = -4*q + 2*l + 66, q - 3*q + w*l + 28 = 0. Is q composite?
False
Suppose 236 = 4*y - 32. Let s = -41 + y. Is s prime?
False
Let g = 14 + -10. Suppose 3*h + 47 = g*h. Is h a prime number?
True
Let z(j) be the first derivative of -9*j**2/2 - j + 4. Is z(-6) a prime number?
True
Suppose 0 = 2*o + 4 - 14. Let t(l) be the second derivative of l**4/6 - 5*l**3/6 - 2*l**2 + l. Is t(o) a composite number?
True
Let h(u) = -32*u + 4 - 3 - 1 - 3. Is h(-3) a composite number?
True
Let f(h) be the first derivative of -19*h**2/2 - 3. Let b(c) = c - 1. Let o(a) = 2*b(a) + f(a). Is o(-3) a composite number?
True
Let x(a) = -a**3 - 5*a**2 - 4*a - 1. Let q be x(-4). Let j(h) = 43*h**2 - h - 1. Is j(q) a prime number?
True
Let o(r) = 36*r - 1. Let x be o(1). Suppose l - x = -0*l. Is l prime?
False
Let u = -180 + 505. Suppose -q + 6*q = u. Is q prime?
False
Let l = 3 - -50. Is l composite?
False
Suppose 3*k - k = 2. Let o(a) = 1 + 0*a + 2*a - a. Is o(k) composite?
False
Is (-1017)/(-6)*(-10)/(-15) prime?
True
Let t = 3 + -1. Suppose t*j - 21 = -1. Is j composite?
True
Suppose 0 = 5*v - 2*v - 18. Let y = v + 8. Is y composite?
True
Let v(p) be the first derivative of -29*p**2/2 + 11*p + 4. Is v(-4) a composite number?
False
Is -3 - (-3 - 10)*10 composite?
False
Let m(h) = 4*h**2 + 10*h - 15. Is m(2) a composite number?
True
Suppose 2*y + 5*i - 24 = 0, -4*i = 3*y - 7*i + 6. Let r = 16 - 16. Is (7 - r/y) + -1 composite?
True
Let v be (2/(-6))/(2/(-24)). Suppose -8 = -v*w - 2*a, -2*w + 0*w = 4*a - 10. Is 2*37 + w + 2 prime?
False
Let x = 2 + -4. Let m be (x - (-2 - -2))*-173. Suppose 4*o + 0*o + 2*r = m, 0 = o - r - 88. Is o a prime number?
False
Suppose -3*s + 8*s = 95. Is s a composite number?
False
Let k(c) = c**2 + 9*c + 11. Let j be k(-9). Let f(y) = 3*y - 10. Is f(j) a prime number?
True
Let s(r) = -115*r - 2. Let k be s(-3). Let q = 489 - k. Suppose -q = -3*l + 1. Is l a prime number?
False
Let j = 1 + 48. Is j a prime number?
False
Let v = 2 + 0. Suppose -c + 782 = 3*u, v*u + 2*c = 5*c + 503. Is u prime?
False
Let k(o) = -8*o + 7. Suppose -4*b - 18 = -b. Is k(b) composite?
True
Suppose 5*n + 52 + 763 = 5*b, 0 = 2*b - 5*n - 332. Is b prime?
False
Let x = 4 + 1. Suppose l + 0*p = p + 10, -4*l = 3*p - x. Suppose -24 = -2*j - l*v, -5*j = 4*v - 5*v - 114. Is j a prime number?
False
Let s be 1 + -1*2 + 1. Suppose 5*q - 2*w + 0*w - 224 = s, 5*q = -4*w + 242. Is q a prime number?
False
Let w = 752 - 361. Is w prime?
False
Suppose 3*w - 5*o - 352 = 0, 5*o + 311 = 4*w - 150. Is w prime?
True
Is 30/(-20)*764/(-6) a prime number?
True
Suppose -4*h + 89 = -0*h + 3*z, 2*z = 3*h - 88. Let w = 60 - h. Is w a prime number?
False
Suppose -